646?
4
What is the hundred thousands digit of 30119531?
1
What is the hundreds digit of 1395524382?
3
What is the thousands digit of 1699073649?
3
What is the thousands digit of 41771544?
1
What is the billions digit of 7991445501?
7
What is the units digit of 53550613?
3
What is the millions digit of 6953587058?
3
What is the millions digit of 7188792?
7
What is the ten millions digit of 951860084?
5
What is the hundred thousands digit of 258204818?
2
What is the hundred thousands digit of 2192837515?
8
What is the tens digit of 59921993?
9
What is the hundred millions digit of 736458640?
7
What is the units digit of 1762766?
6
What is the thousands digit of 696643?
6
What is the ten millions digit of 325741305?
2
What is the hundred millions digit of 456942908?
4
What is the tens digit of 3433895?
9
What is the ten thousands digit of 1818317652?
1
What is the thousands digit of 838114350?
4
What is the ten millions digit of 3656603458?
5
What is the hundreds digit of 44153335?
3
What is the millions digit of 149111693?
9
What is the ten thousands digit of 289233975?
3
What is the hundreds digit of 46733425?
4
What is the units digit of 792483050?
0
What is the hundred thousands digit of 5153385057?
3
What is the hundreds digit of 45265437?
4
What is the hundred thousands digit of 430621101?
6
What is the thousands digit of 315673133?
3
What is the ten millions digit of 62461279?
6
What is the hundred thousands digit of 67716354?
7
What is the billions digit of 7183020669?
7
What is the hundred millions digit of 825149941?
8
What is the tens digit of 511388281?
8
What is the ten millions digit of 44613584?
4
What is the thousands digit of 78986671?
6
What is the tens digit of 1422335?
3
What is the tens digit of 2462383971?
7
What is the ten thousands digit of 21703614?
0
What is the ten thousands digit of 3654981857?
8
What is the hundred thousands digit of 1345966710?
9
What is the millions digit of 3238142202?
8
What is the units digit of 4739118657?
7
What is the hundreds digit of 269569288?
2
What is the tens digit of 284281719?
1
What is the ten millions digit of 291114394?
9
What is the ten thousands digit of 49370736?
7
What is the hundreds digit of 635254069?
0
What is the units digit of 190068820?
0
What is the ten millions digit of 296998203?
9
What is the units digit of 8428119?
9
What is the units digit of 4398887744?
4
What is the thousands digit of 542116961?
6
What is the ten millions digit of 61548121?
6
What is the hundreds digit of 2376840105?
1
What is the units digit of 167172191?
1
What is the thousands digit of 971308603?
8
What is the millions digit of 2662562454?
2
What is the hundreds digit of 324428351?
3
What is the thousands digit of 224220945?
0
What is the hundred millions digit of 596275267?
5
What is the millions digit of 220412999?
0
What is the tens digit of 450836045?
4
What is the ten thousands digit of 921664202?
6
What is the tens digit of 2039702823?
2
What is the ten thousands digit of 2579521071?
2
What is the billions digit of 2993846920?
2
What is the tens digit of 1779906253?
5
What is the ten millions digit of 352805332?
5
What is the millions digit of 17197773?
7
What is the billions digit of 1993595445?
1
What is the ten millions digit of 556358657?
5
What is the hundreds digit of 125892545?
5
What is the ten thousands digit of 108162170?
6
What is the units digit of 1066020615?
5
What is the hundred millions digit of 793836576?
7
What is the tens digit of 30939146?
4
What is the ten thousands digit of 4053820113?
2
What is the ten thousands digit of 139513556?
1
What is the ten millions digit of 79507977?
7
What is the tens digit of 26477060?
6
What is the millions digit of 18646102?
8
What is the billions digit of 1384402162?
1
What is the thousands digit of 664390833?
0
What is the hundred millions digit of 316608640?
3
What is the thousands digit of 1251306987?
6
What is the ten thousands digit of 326824007?
2
What is the millions digit of 506841892?
6
What is the tens digit of 1092307792?
9
What is the tens digit of 69992606?
0
What is the tens digit of 120298331?
3
What is the thousands digit of 504152297?
2
What is the hundred millions digit of 748485880?
7
What is the tens digit of 94474008?
0
What is the hundred millions digit of 587019178?
5
What is the units digit of 1505703785?
5
What is the units digit of 36474574?
4
What is the ten thousands digit of 91976603?
7
What is the millions digit of 341627509?
1
What is the hundred thousands digit of 3203138972?
1
What is the tens digit of 431909255?
5
What is the billions digit of 1181364747?
1
What is the ten thousands digit of 147720535?
2
What is the units digit of 1134030557?
7
What is the ten millions digit of 6680715220?
8
What is the hundreds digit of 1997726876?
8
What is the tens digit of 433591434?
3
What is the units digit of 2176688363?
3
What is the units digit of 29272584?
4
What is the ten millions digit of 984868665?
8
What is the hundreds digit of 57682251?
2
What is the thousands digit of 65606541?
6
What is the ten thousands digit of 7864199?
6
What is the hundreds digit of 341714301?
3
What is the millions digit of 2897729?
2
What is the millions digit of 13690229?
3
What is the ten thousands digit of 1722381892?
8
What is the units digit of 5041852168?
8
What is the hundred thousands digit of 17412056?
4
What is the ten millions digit of 87259259?
8
What is the tens digit of 20528463?
6
What is the hundred thousands digit of 70726501?
7
What is the hundred thousands digit of 113358477?
3
What is the units digit of 80893069?
9
What is the tens digit of 161119840?
4
What is the units digit of 31902812?
2
What is the thousands digit of 164666543?
6
What is the ten thousands digit of 1976078538?
7
What is the millions digit of 363569272?
3
What is the ten thousands digit of 77018989?
1
What is the units digit of 80503356?
6
What is the ten thousands digit of 4563184406?
8
What is the millions digit of 1136876545?
6
What is the tens digit of 1459157535?
3
What is the hundred thousands digit of 33211266?
2
What is the tens digit of 60201478?
7
What is the hundred millions digit of 1551237658?
5
What is the billions digit of 2183254462?
2
What is the hundreds digit of 71087553?
5
What is the ten millions digit of 108663978?
0
What is the hundreds digit of 11568019?
0
What is the ten thousands digit of 33772808?
7
What is the ten thousands digit of 68478799?
7
What is the ten millions digit of 35543564?
3
What is the units digit of 225687104?
4
What is the ten thousands digit of 18879573?
7
What is the ten thousands digit of 2598965378?
6
What is the millions digit of 62397705?
2
What is the ten millions digit of 594461327?
9
What is the hundred thousands digit of 977088?
9
What is the hundreds digit of 90452702?
7
What is the hundreds digit of 1474020537?
5
What is the tens digit of 1412659704?
0
What is the ten millions digit of 463060810?
6
What is the hundreds digit of 7004506?
5
What is the hundred thousands digit of 1182756915?
7
What is the hundred thousands digit of 42377223?
3
What is the hundred thousands digit of 74294279?
2
What is the thousands digit of 111711022?
1
What is the units digit of 1440865056?
6
What is the hundreds digit of 16872431?
4
What is the hundred thousands digit of 1713351346?
3
What is the millions digit of 161489622?
1
What is the tens digit of 261069264?
6
What is the thousands digit of 2576787359?
7
What is the thousands digit of 1150046484?
6
What is the millions digit of 491248405?
1
What is the thousands digit of 1422458874?
8
What is the tens digit of 694353049?
4
What is the hundred millions digit of 2382469078?
3
What is the millions digit of 424547871?
4
What is the tens digit of 72567720?
2
What is the hundred thousands digit of 22708942?
7
What is the millions digit of 30160519?
0
What is the hundred thousands digit of 2285990542?
9
What is the thousands digit of 5180114472?
4
What is the millions digit of 1653959276?
3
What is the ten thousands digit of 50431871?
3
What is the billions digit of 2148149103?
2
What is the ten millions digit of 46942097?
4
What is the hundreds digit of 24411795?
7
What is the tens digit of 4178292?
9
What is the thousands digit of 52595447?
5
